 15*s + 245 = 4475. What is the units digit of s?
2
Let t(b) = -5*b + 3. Let o be t(-3). Let i be (o/2)/(6/4). Suppose 2*y + 2*m - 18 = 0, 4*y - 3*m - i = 9. What is the units digit of y?
6
Let t = 1 + 1. Suppose t*y - 2 = 12. What is the units digit of y?
7
Suppose -2*o + 3 = -5*o. Let q be ((-1)/3)/((-1)/9). Let s = q + o. What is the units digit of s?
2
Let p = 109 + -53. Suppose j - 5 = 4*g - 0, p = 4*j - 4*g. What is the tens digit of j?
1
Let s = 9 - 49. What is the units digit of 32/s*(-30)/4?
6
Let c(r) = 3*r**2 - 3*r - 4. What is the tens digit of c(4)?
3
Let t = 8 + -5. Suppose 8*l - 50 = t*l. What is the tens digit of l?
1
Suppose 2*u - 5*p = 35, -3*p + p = -u + 15. Let n be (6/(-4))/(3/(-4)). Suppose -u*k = -n*k - 45. What is the tens digit of k?
1
Suppose 5*c - p - 452 = 0, 4*p = -c + 56 + 26. What is the units digit of c?
0
Let o(u) = 2*u**3 - 3*u**2 + 3*u + 3. What is the units digit of o(4)?
5
Let k be (-6)/(-15)*15/3. Suppose -16 = k*x - 2. Let j = 2 - x. What is the units digit of j?
9
Let q = 332 - 189. What is the tens digit of q?
4
What is the tens digit of ((-15)/6)/((-2)/20)?
2
Let y(r) be the second derivative of r**5/20 + 5*r**4/6 + r**3/6 + 6*r**2 + 2*r. Let l be y(-10). Suppose 0 = -l*b + 21 - 5. What is the units digit of b?
8
Let a(n) = -3*n - 4. Let m be a(-3). Let x(t) = -t**3 + 6*t**2 - 4*t + 6. What is the units digit of x(m)?
1
Let p(x) be the first derivative of x**4/4 - 7*x**3/3 - 9*x**2/2 + 9*x + 3. Let z be p(8). What is the tens digit of 5 + -6 - (-17 - z)?
1
Let i = -4 - -9. Suppose 3*d - i*d - 12 = 0. Let w = -4 - d. What is the units digit of w?
2
Suppose 2*u = -3*u. Suppose 0*v - v - 1 = u. What is the units digit of (-3)/6*(-9 - v)?
4
Let d = -356 + 774. What is the units digit of d?
8
Let b(p) be the second derivative of -p**5/120 + p**3/3 - 2*p. Let m(g) be the second derivative of b(g). What is the units digit of m(-1)?
1
Let l be 2/((-1)/(-1 + 0)). Suppose z + a - 11 = -l*a, -19 = -5*z - 3*a. Suppose -v + z + 2 = 0. What is the units digit of v?
4
Suppose 17 = 2*o - 5. Let i = 15 - o. What is the units digit of i?
4
Suppose -5*g + 15 = -5. Suppose 0*d = -g*d + 192. What is the tens digit of d?
4
Let w(x) = x - 5. Let v(u) = 1. Let a(d) = 4*v(d) + w(d). Let m be a(-8). What is the units digit of 56/9 + 2/m?
6
Suppose 0 = 3*c + 2*c - 25. Suppose c*b = g + 2*b - 21, 13 = g + b. What is the tens digit of g?
1
Suppose 4*p + 5*o = 75, 4*o + 48 = -p + 5*p. Let m = 11 - p. Let x = 6 + m. What is the units digit of x?
2
Suppose 0 = -5*m + 1648 + 672. What is the hundreds digit of m?
4
Let d(p) = p**2 + 4*p + 4. Let k be d(-7). Let f(q) = -15*q - 1. Let y be f(1). Let x = k + y. What is the units digit of x?
9
Let c(o) = -9*o - 13. What is the units digit of c(-3)?
4
Let l(d) = -2*d**3 + 2*d**2 - d + 2. Let x = 7 + -5. Let y be l(x). Let c(q) = q**2 + 9*q + 12. What is the units digit of c(y)?
4
Suppose 1 = 4*n + g + 26, g = 5*n + 29. Let c(p) = -p**3 + 6 - 2*p**2 + 3 + 6*p - 3*p**2. What is the units digit of c(n)?
9
Let h be ((-4)/6)/(10/(-45)). Suppose h*b = 44 + 4. What is the tens digit of b?
1
Let c be 1 - 2/(-2) - -2. What is the units digit of (-15)/((c - 6) + 1)?
5
Let i = 7 + -10. Let h(d) be the first derivative of -d**2/2 - 2*d + 1. What is the units digit of h(i)?
1
Let b(d) = -d**3 - 16*d**2 + 10*d + 20. What is the hundreds digit of b(-17)?
1
Let g(q) = q**3 - 8*q**2 + 6*q + 7. Let r be g(7). Suppose v - 2 - 3 = r. What is the units digit of v?
5
Let q be -1 - -18 - (0 - -2). Suppose -s + 6*s - q = 0. Suppose 0*r = s*r - 6. What is the units digit of r?
2
Suppose -1454 = -6*a - 92. What is the tens digit of a?
2
Let z(s) = s**3 + 6*s**2 + s + 4. Let n be z(-6). Let i be n/3 - (-122)/3. Suppose -6*g + i = -g. What is the units digit of g?
8
Suppose 0 = -w - 0*w + 43. What is the tens digit of w?
4
Suppose -54 = -a - 0*a. What is the units digit of a?
4
Let d be ((-6)/(-5))/(9/30). Let b = -3 + d. What is the units digit of b?
1
Suppose 0*k + 2 = 2*k. Let g(b) = -2*b**2 - b. Let l be g(k). What is the units digit of 3/(l/(-1)) + 9?
0
Suppose -4*z + 16 = -2*y, 0 = z - 5*y - 13 - 0. What is the units digit of z?
3
Let s be (-1)/(1/(-7)) + -1. Suppose 3*m - s = -0*m. Suppose -i - 2*i - 5*v = -34, 5*i - 5 = m*v. What is the units digit of i?
3
Let q be 92/(-3)*(-6)/(-4). Let x = q - -80. Let n = 47 - x. What is the tens digit of n?
1
Suppose -3*q = -7*q + 732. What is the hundreds digit of q?
1
What is the tens digit of (0 + 67)*(-1 - -2)?
6
Suppose -2*s = 4*q - 13 - 13, -3*q = 3*s - 39. Let g = s + -9. What is the units digit of g?
4
Let h(b) = -b**2 + 4*b + 6. Let s be h(7). Let y = -11 - s. Suppose 20 + 8 = y*f. What is the units digit of f?
7
Suppose -3*a - 5*g = 2*a - 25, -5*a = -3*g - 1. Suppose a*q = -6, -7 = -3*u + 2*u - q. What is the units digit of u?
0
Let r(h) = -h**3 - h**2 - 16. Let j be r(0). Let f = j + 51. What is the units digit of f?
5
Suppose -4*v - 2*o - 26 = 0, 3*o + 4 = -o. Let p be (-8)/v - (-4)/6. Suppose 2*i - p + 0 = 0. What is the units digit of i?
1
What is the units digit of (0 + (1 - -29))*(-2)/(-5)?
2
Let w(s) = -s + 5. Let f be w(4). Let q be (21/(-35))/(f/(-35)). Suppose 3*z = q + 12. What is the units digit of z?
1
Suppose w + 159 = 3*q, -3*w + 4*w - 165 = -3*q. Suppose 5*d - 1 = -6. What is the tens digit of d/(q/(-51) - -1)?
1
Suppose 0 = -4*h + 2*h + 46. Let n = 0 + 0. Suppose 5*d - 22 - h = n. What is the units digit of d?
9
Suppose 0 = 3*j - 5*i - 64, -2*i = -4*j + 3*j + 23. What is the units digit of j?
3
Let q(i) = -4*i + 2. Suppose 0 = 3*m + 4*h - 25, m - 3*h + 21 = 4*m. Suppose 10 = -m*t - 5. What is the units digit of q(t)?
2
Let y(c) = -21*c + 3. Let z be y(5). What is the units digit of (z/(-8))/(15/40)?
4
Let l = 30 + -25. What is the units digit of l?
5
Let a be (12/(-3))/((-1)/4). Suppose 0 = -4*q + 40 + a. Let n = q - 0. What is the units digit of n?
4
Suppose -36 = 2*f + 5*u - 130, -254 = -5*f - 3*u. What is the units digit of f?
2
Suppose -p - 50 = -3*u, -u - 3*p + 20 = -0*u. Suppose 0 = -g + u - 4. What is the units digit of g?
3
What is the units digit of -2*2/(-3)*3?
4
Let o(h) = h**2 + 12*h - 18. Let z be o(-14). Suppose -z = 4*n - 154. What is the tens digit of n?
3
Let t be (-81)/(-6) + (-2)/(-4). Let q = t + -4. What is the tens digit of q?
1
Let y(z) = 2*z**2 + 7*z - 2. Suppose 5 = -2*f + f. What is the units digit of y(f)?
3
Let c(z) = z**3 + 6*z**2 - 3*z - 2. Suppose -4 = -2*g - 16. What is the units digit of c(g)?
6
Let a = 81 - 43. What is the tens digit of a?
3
Suppose -x - 4*x - 184 = -2*i, -4*i + 368 = 4*x. What is the units digit of i?
2
Let y(b) = 4*b + 2. Let l(h) = 3*h + 2. Let v(g) = -3*l(g) + 2*y(g). What is the units digit of v(-5)?
3
Suppose -4*t + 38 = -50. What is the units digit of (-1)/2 + t/4?
5
Let b be (1 - 2)*-9 - -3. Let g(i) = -i + 22. What is the tens digit of g(b)?
1
Suppose u + 8 = 3*u, -z = 4*u - 118. What is the hundreds digit of z?
1
Let q = 50 + -21. What is the units digit of q?
9
Suppose q = f + 4*q - 54, -2*q - 270 = -5*f. What is the units digit of f?
4
Suppose n + 48 = 4*v, -57 = n - 3*v - 6. What is the units digit of ((-14)/(-35))/((-2)/n)?
2
Let b(k) = 3*k**3 - 1. Let o be b(1). Suppose l + 4*a = 14 + 8, 4*a = -3*l + 26. Suppose -o = -0*r - l*r. What is the units digit of r?
1
Suppose 0 = 6*d - 5*d - 39. Suppose 2*r + 100 = -2*r. Let y = d + r. What is the units digit of y?
4
Suppose d - 1 = 116. What is the hundreds digit of d?
1
Let u = 10 + -19. Let l(r) = 3*r**3 - 8*r**2 + 5*r - 12. Let a(s) = -5*s**3 + 16*s**2 - 11*s + 23. Let d(o) = 4*a(o) + 7*l(o). What is the units digit of d(u)?
8
Let h = -8 - -13. Suppose -h = 2*u - 21. What is the units digit of u?
8
What is the units digit of -3 - -1*3*30/9?
7
Suppose -9*t + 5*t = -20. Suppose -m - 192 = -t*m. Suppose 2*c = 2*z + 2*z - m, -2*z + 18 = -4*c. What is the units digit of z?
3
Suppose 0 = -3*h + 142 + 23. Suppose 3*u + 4*q - h = 0, -3*q = -u - 7*q + 13. What is the tens digit of u?
2
Let o = -3 + 6. Let s be (-3)/(14/4 - 2). What is the units digit of s/3 + 20/o?
6
Suppose -3*m = -s + 284, m - 10 = -m. What is the tens digit of s?
9
Suppose 3*j + u - 61 = -0*u, -j - u + 19 = 0. What is the tens digit of j?
2
Let c = 12 + -3. Suppose c - 